pose 5*b = -3*f + 19, -4*b - 4 = -0*f - 4*f. Suppose -b*k = 5*q + 2, 5*k - 30 + 4 = 3*q. What is w(q)?
3
Let f(i) = -4*i - 1. Let z(d) = -d - 4. Let b be z(-9). Let a(j) = -2 - b*j - 5*j + 2*j. Let r(t) = -4*a(t) + 7*f(t). Give r(-2).
-7
Let t(c) be the third derivative of c**4/24 + 11*c**3/6 - c**2. Suppose 2*f - 2*h + 10 = 3*h, 0 = 2*f - 4*h + 10. Calculate t(f).
6
Let f(s) = -2 + 2 - s + 4*s. Suppose -5*x + 3*x = -4. Calculate f(x).
6
Let x(m) = -m - 9. Let d be (-3 + (-36)/(-8))*2. Suppose -2 = d*r + 13. Calculate x(r).
-4
Let m(h) = -9*h. Let s be 4/(-14) - ((-90)/35)/2. Give m(s).
-9
Suppose 3*i + 0*t + 2*t = -21, -3*i = -2*t + 21. Let m(q) = -q**2 - 6*q + 6. Let o be m(i). Let l(u) = -8*u**3 + u**2 - 1. Calculate l(o).
8
Let g be ((-2)/(-4))/((-2)/(-8)). Suppose -5*i + g*i = -12. Let y(p) = -4*p - p**2 - 1 - 2*p + i*p. Calculate y(2).
-9
Let u = 8 + -7. Let k(o) = -5*o**3 - o. Give k(u).
-6
Suppose -j = -2*j + 3. Let z = j + -2. Let v(n) = 7*n - 1. Calculate v(z).
6
Let g(i) = 6*i - 1 + 4*i**3 - 5*i**3 + 3*i**3 - 8*i. Let b = 3 - 1. Calculate g(b).
11
Let v be 3/12 - 14/(-8). Suppose -3*x = x. Let y be (v - x)/2 + 1. Let o(i) = -i**2 + 6*i - 3. Give o(y).
5
Let r = 19 - 13. Let b(l) = 1 + 2 - r + l. Suppose 3*x + 2*d = -6, d = -1 + 4. Calculate b(x).
-7
Let d be ((-7)/14)/(2/16). Let l(r) = -4 + 4*r**2 + r**3 + 5*r**2 - 5*r**2 - 3*r. Determine l(d).
8
Let r(v) = -4*v**3 + 12*v**2 - 16*v + 18. Let o(f) = -f**3 + 4*f**2 - 5*f + 6. Let z(s) = 7*o(s) - 2*r(s). Suppose 0 = 4*g + 7 + 13. What is z(g)?
-4
Let d(v) = -3*v**2 + 4*v. Let c(p) = -8*p + 4 + 7*p**2 + 3 - 6. Let n(x) = -2*c(x) - 5*d(x). What is n(3)?
-5
Let a(b) = -4*b**2 - 8*b**3 - 1 - 4*b**3 + 11*b**3. Let f = -9 + 5. Calculate a(f).
-1
Let y(d) = 2*d**2 + 9*d + 3. Let t be (12/16)/((-2)/(-8)). Let v(m) = m**2 + m. Let b(r) = t*v(r) - y(r). Calculate b(5).
-8
Let p(u) = -u**3 - u**2 + u + 2. Let i(t) = t**2 + 2*t + 4. Let l be i(3). Let q = -1 + 4. Suppose 0 = g + 4*a + 22, -q*g + 6*a = a - l. Give p(g).
4
Let y(i) = i. Let k(j) = -4*j - 3. Let q(c) = 2*k(c) + 6*y(c). What is q(-7)?
8
Let d(q) be the third derivative of -q**8/6720 + q**7/2520 + q**5/60 - q**2. Let t(v) be the third derivative of d(v). Give t(2).
-8
Let r(j) = 22*j**2 - 3. Let b(i) = 195*i**2 - 26. Let t(l) = -3*b(l) + 26*r(l). Suppose 4*c + 5 = 2*a + 3, 3*a - 4*c - 3 = 0. Give t(a).
-13
Let m = -5 - -6. Let p(u) be the first derivative of -4*u**3/3 - u**2 + u + 3. Determine p(m).
-5
Let u(v) = 5*v. Suppose 0 = -2*i - 2*i + 28. Let l(p) = -p**3 + 8*p**2 - 4*p - 10. Let y be l(i). Let n(b) = -b + 10. Let q be n(y). Calculate u(q).
-5
Let h(b) be the second derivative of b**3/6 + 3*b**2 - 4*b. Suppose 0*c = -2*c + p - 4, 5*c - p + 16 = 0. What is h(c)?
2
Let k(c) = 2*c + 2. Let t(s) = -1. Let d(b) = k(b) + 5*t(b). Suppose 0*x = 4*x - p - 17, 4*x + 3*p = -3. Give d(x).
3
Let a be 30/(-35)*(-8 + 1). Let d be 2/(-6) - 4/a. Let m(y) = -y**2 - 1 + 5*y**2 - y**2. What is m(d)?
2
Suppose 5*l = 14 + 11. Suppose -5 = l*p - 5*h, 3*p + 2 = p - 4*h. Let b(g) = 6*g - 1. Calculate b(p).
-7
Let t(y) = y**2 - 4*y - 3. Suppose -6 = -4*o - 2*k + 6, 4*o = 2*k + 20. Calculate t(o).
-3
Let u(b) be the third derivative of -b**6/90 + b**4/24 - b**3/6 + b**2. Let m(g) be the first derivative of u(g). What is m(1)?
-3
Let c(r) = r**2 + 5*r + 5*r - 11*r + 3. Let o = -6 + 9. Give c(o).
9
Let r(i) = -i**3 + 6*i**2 - 5*i - 4. Suppose -2*y + 15 = -5*y. Let f = -5 - y. Let k be -1 + f - (-3 + -2). What is r(k)?
8
Let z(k) = 11*k**3 + k**2 + 2*k + 1. Suppose -3*b + 4*b + 5*u = -11, 2*b + 8 = -3*u. Give z(b).
-11
Let q(i) = 3 + 6 + 5*i - 4. Let p(g) = -16*g - 16. Let a(x) = -3*p(x) - 10*q(x). Suppose -1 - 4 = o. Determine a(o).
8
Let p(t) = 2*t - t - 2*t - t**2. Let b = -8 - -7. Give p(b).
0
Let r(g) be the second derivative of -g**3/2 - 2*g**2 - 3*g. What is r(-9)?
23
Let u(d) = 15*d**3 - 2*d**2 + 15*d - 18. Let j(m) = -7*m**3 + m**2 - 7*m + 9. Let a(p) = 13*j(p) + 6*u(p). Calculate a(0).
9
Let g(k) be the first derivative of k**4/4 + 4*k**3/3 + 3*k**2/2 - 2*k + 1. Suppose 0 = 5*n - 4*d + 3, -5*n = -2*n - 3*d. Give g(n).
-2
Let k(o) be the first derivative of -o**4/4 - o**2/2 + o + 1. Let x(l) = 2*l**2 - 11*l - 6. Let t be x(6). Determine k(t).
1
Let s = 1 + 2. Let k(j) = -j**2 + 8*j - 6. Let m be k(7). Let o(r) = 2 + 5*r**2 - m + 4*r - 1 + 1 + r**s. Give o(-3).
7
Let l(s) be the first derivative of s**2/2 - s - 56. Calculate l(4).
3
Let y(q) = 16*q - 6 + 3*q - 16*q. Give y(6).
12
Let y(v) = -2*v**3 + 6*v**2 + 9. Let q(z) = -3*z**3 + 12*z**2 + 17. Let h(i) = -3*q(i) + 5*y(i). Let o(w) = -5*w + 14. Let f be o(4). Calculate h(f).
-6
Let v be 3 - ((2 - 3) + 3). Let c = v - 3. Let w(q) = -q**2 + 2*q**2 + 21*q + 2 - 16*q. Give w(c).
-4
Let a(y) = y**3 - 4*y - 3. Suppose 0 = -3*l - 3 - 3. Calculate a(l).
-3
Suppose -21 = 4*n - 5. Suppose -5*j = 3*s - 13 - 2, -2*s - 3*j + 9 = 0. Let z(f) = 4*f**2 + 5 - f + s*f + 0*f + f**3. Give z(n).
9
Let l(a) = 16*a**2 - a. Let q(x) = x**2 + 2*x - 4. Let j be q(-3). What is l(j)?
17
Let r(u) = 6*u - 3. Let b(g) = -g**3 + 4*g**2 + g. Let o be b(4). Suppose 3*l - o = l. Determine r(l).
9
Let n(z) be the third derivative of z**6/120 + z**4/8 - z**3/6 + 6*z**2. What is n(2)?
13
Let l(f) = -7*f**2 + f**2 + 6*f - 3 + 5*f**3 - 4*f**3. Give l(4).
-11
Let u = -13 + 18. Let q = -8 + 11. Let h(t) = -2*t**3 + 6*t**2 - 3*t. Let v(s) = 4*s**3 - 11*s**2 + 6*s. Let k(f) = q*v(f) + u*h(f). What is k(2)?
10
Let o(v) be the second derivative of -v**5/20 - v**4/12 - v**3/6 - 37*v. Give o(2).
-14
Let l be (2 + 0)*2/(-4). Let r(m) = 6*m - 5. Suppose -2*v + 4 = -5*u - 11, -3 = -2*u - v. Let f(p) = -p**2 - p. Let b(s) = l*f(s) + u*r(s). Calculate b(5).
5
Let t(q) = -q. Let m be t(-1). Let s(o) = 0*o**2 - m - 5*o**2 - 1 + o**3. Suppose -k = -v + 3, -2*v + 5*k = -5*v + 25. Calculate s(v).
-2
Suppose -o + 7 - 2 = 0. Let m(i) = 5 - 4 - i + 0*i - o. What is m(3)?
-7
Let k(s) = s + 19. Let u(n) = -2*n - 37. Let v(o) = -7*k(o) - 4*u(o). Determine v(-8).
7
Let h(g) be the third derivative of -g**6/120 + g**5/15 + g**4/6 + 7*g**3/6 + 9*g**2. Determine h(5).
2
Let d(f) = -f**2 - 6*f + 12. Let b(c) = c**2 + 4*c - 13. Let m(l) = -l**2 - 5*l + 13. Let y(o) = -2*b(o) - 3*m(o). Let z(q) = -7*d(q) - 6*y(q). Determine z(0).
-6
Let n(q) = q**2 + 17*q - 14. Let d be n(-18). Let c(u) = u**2 + 2*u - 3. What is c(d)?
21
Let g(p) = p**2 - 6*p - 26 + 17 - 2*p**2. Suppose 0 = 3*x - 3*w + 38 - 8, -5*w + 8 = 2*x. What is g(x)?
-9
Let k be (((-7)/3)/7)/(-1). Let n(b) be the second derivative of 1/20*b**5 + 5/2*b**2 - 1/3*b**3 - k*b**4 + 0 + 2*b. Give n(4).
-3
Let x = 2 - 4. Let h be (-1)/x*(-6)/(-1). Let n(d) = -4*d + 3 + h*d**2 + 4*d**2 + 3*d**2 - d**3 - 5*d**2. Determine n(4).
3
Suppose 7 = 5*a - 3. Let o(b) = -b + 7 - 7*b**3 - 4 - b**a - 4. Determine o(-1).
6
Let s = 3 - -5. Let b = -5 + s. Let r(k) = 2*k**2 - 6*k. Let x(g) = -g**2 + g + 1. Let y(q) = b*x(q) + r(q). Calculate y(-4).
-1
Let u(a) = -a**3 - 7*a**2 - 7*a - 3. Let h(j) = -j**3 - j**2 - j. Let z(r) = 2*h(r) - u(r). Determine z(6).
-3
Let m(v) = v - 5. Let y be m(7). Suppose 17 = 4*p - 5*l, -y*p - l = -2*l - 7. Let x(k) = -k**2 + 2*k + 2. Give x(p).
-1
Let a(w) be the third derivative of -w**6/360 + w**5/30 - w**4/8 - 4*w**2. Let m(c) be the second derivative of a(c). Give m(3).
-2
Let u(a) = a**3 - 3*a**2 + 2*a + 7. Let v(m) = m**2 - m + 1. Let x(s) = -u(s) + 3*v(s). Determine x(4).
8
Suppose l = 7*l - 12. Let c(k) be the first derivative of 1/2*k**l + 3*k + 1/3*k**3 - 1. Give c(-3).
9
Let z(v) = 5*v - 1. Suppose 2*x + 4*l + 1 = 5, -5*x + 2*l - 2 = 0. Suppose -c - 2*j - 5 = x, 2*c - j + 13 = -6*j. Calculate z(c).
4
Let h be (-99)/15 - (-9)/15. Let v(x) = x**2 + 2*x - 4. Let q(p) = p**2 + 3*p - 4. Let n(k) = 4*q(k) - 3*v(k). Let u be n(h). Let j(s) = -s. Determine j(u).
4
Suppose -3*u + 6 = 2*r, -6*r = -r. Let k(v) = -3*v**2 - 5*v - 3. Let x(h) = 2*h**2 + 3*h + 2. Let n(j) = -5*k(j) - 8*x(j). What is n(u)?
-3
Let n(x) = x**2 + 8*x + 6. Suppose 3*s + 59 = -3*t + s, -3*s - 60 = 3*t. Let h = 14 + t. Give n(h).
-9
Let r be 3/12 + 15/4. Suppose o = -o + r. Let i(v) = -v**3 - v**2 + 3*v**2 + o*v**3 - 1. Determine i(-1).
0
Let y(k) = -3*k**3 - 21*k**2 - 18*k + 10. Let w(m) = m**3 + 7*m**2 + 6*m - 3. Let i(r) =